{"id":166,"date":"2025-03-24T12:21:13","date_gmt":"2025-03-24T12:21:13","guid":{"rendered":"https:\/\/mjezak.ksr.zgo.pl\/?page_id=166"},"modified":"2025-03-24T12:34:38","modified_gmt":"2025-03-24T12:34:38","slug":"kontakt","status":"publish","type":"page","link":"https:\/\/mjezak.ksr.zgo.pl\/index.php\/kontakt\/","title":{"rendered":"kontakt"},"content":{"rendered":"\t\t<div data-elementor-type=\"wp-page\" data-elementor-id=\"166\" class=\"elementor elementor-166\">\n\t\t\t\t<div class=\"elementor-element elementor-element-ee96405 e-flex e-con-boxed e-con e-parent\" data-id=\"ee96405\" data-element_type=\"container\">\n\t\t\t\t\t<div class=\"e-con-inner\">\n\t\t\t\t<div class=\"elementor-element elementor-element-75691b6 elementor-widget elementor-widget-text-editor\" data-id=\"75691b6\" data-element_type=\"widget\" data-widget_type=\"text-editor.default\">\n\t\t\t\t<div class=\"elementor-widget-container\">\n\t\t\t\t\t\t\t\t\t<p>Komornik S\u0105dowy przy S\u0105dzie Rejonowym w Lubinie<br \/>Kancelaria Komornicza nr VI w Lubinie<br \/><b>Magdalena Je\u017cak<\/b><\/p><p>ul. Odrodzenia 33 B<br \/>59-300 Lubin<\/p><p>tel. <strong>76 817 18 04<\/strong>, e-mail: <strong>adres@e-mail.pl<\/strong><\/p><p>EPU ID: <strong>0000<\/strong> \u00a0ePUAP: <strong>\/KS_XXXXXX\/ezbiegi<\/strong><\/p><p>BNP Paribas Bank Polska SA<br \/><strong>XX XXXX XXXX XXXX XXXX XXXX<\/strong><br \/>W tytule przelewu prosz\u0119 wpisa\u0107 imi\u0119 i nazwisko d\u0142u\u017cnika oraz sygnatur\u0119 Km.<\/p>\t\t\t\t\t\t\t\t<\/div>\n\t\t\t\t<\/div>\n\t\t\t\t\t<\/div>\n\t\t\t\t<\/div>\n\t\t<div class=\"elementor-element elementor-element-0f783c9 e-flex e-con-boxed e-con e-parent\" data-id=\"0f783c9\" data-element_type=\"container\">\n\t\t\t\t\t<div class=\"e-con-inner\">\n\t\t\t\t<div class=\"elementor-element elementor-element-d689b35 elementor-widget elementor-widget-text-editor\" data-id=\"d689b35\" data-element_type=\"widget\" data-widget_type=\"text-editor.default\">\n\t\t\t\t<div class=\"elementor-widget-container\">\n\t\t\t\t\t\t\t\t\tZapraszamy do kontaktu z Kancelari\u0105 Komornicz\u0105 Magdaleny Je\u017cak w Lubinie w celu uzyskania informacji lub um\u00f3wienia wizyty. Nasi pracownicy s\u0105 gotowi udzieli\u0107 Pa\u0144stwu wszelkiej niezb\u0119dnej pomocy i wyja\u015bnie\u0144 dotycz\u0105cych post\u0119powa\u0144 egzekucyjnych.\t\t\t\t\t\t\t\t<\/div>\n\t\t\t\t<\/div>\n\t\t\t\t\t<\/div>\n\t\t\t\t<\/div>\n\t\t<div class=\"elementor-element elementor-element-74242cc e-con-full e-flex e-con e-parent\" data-id=\"74242cc\" data-element_type=\"container\">\n\t\t\t\t<div class=\"elementor-element elementor-element-bd467d7 elementor-widget elementor-widget-google_maps\" data-id=\"bd467d7\" data-element_type=\"widget\" data-widget_type=\"google_maps.default\">\n\t\t\t\t<div class=\"elementor-widget-container\">\n\t\t\t\t\t\t\t<div class=\"elementor-custom-embed\">\n\t\t\t<iframe loading=\"lazy\"\n\t\t\t\t\tsrc=\"https:\/\/maps.google.com\/maps?q=ul.%20Odrodzenia%2033%20B%2059-300%20Lubin&#038;t=m&#038;z=15&#038;output=embed&#038;iwloc=near\"\n\t\t\t\t\ttitle=\"ul. Odrodzenia 33 B 59-300 Lubin\"\n\t\t\t\t\taria-label=\"ul. Odrodzenia 33 B 59-300 Lubin\"\n\t\t\t><\/iframe>\n\t\t<\/div>\n\t\t\t\t\t\t<\/div>\n\t\t\t\t<\/div>\n\t\t\t\t<\/div>\n\t\t\t\t<\/div>\n\t\t","protected":false},"excerpt":{"rendered":"<p>Komornik S\u0105dowy przy S\u0105dzie Rejonowym w LubinieKancelaria Komornicza nr VI w LubinieMagdalena Je\u017cak ul. Odrodzenia 33 B59-300 Lubin tel. 76 817 18 04, e-mail: adres@e-mail.pl EPU ID: 0000 \u00a0ePUAP: \/KS_XXXXXX\/ezbiegi BNP Paribas Bank Polska SAXX XXXX XXXX XXXX XXXX XXXXW tytule przelewu prosz\u0119 wpisa\u0107 imi\u0119 i nazwisko d\u0142u\u017cnika oraz sygnatur\u0119 Km. Zapraszamy do kontaktu z Kancelari\u0105 Komornicz\u0105 Magdaleny Je\u017cak w Lubinie w celu uzyskania informacji lub um\u00f3wienia wizyty. Nasi pracownicy s\u0105 gotowi udzieli\u0107 Pa\u0144stwu wszelkiej niezb\u0119dnej pomocy i wyja\u015bnie\u0144 dotycz\u0105cych post\u0119powa\u0144 egzekucyjnych.<\/p>\n","protected":false},"author":1,"featured_media":0,"parent":0,"menu_order":0,"comment_status":"closed","ping_status":"closed","template":"elementor_header_footer","meta":{"footnotes":""},"class_list":["post-166","page","type-page","status-publish","hentry"],"_links":{"self":[{"href":"https:\/\/mjezak.ksr.zgo.pl\/index.php\/wp-json\/wp\/v2\/pages\/166","targetHints":{"allow":["GET"]}}],"collection":[{"href":"https:\/\/mjezak.ksr.zgo.pl\/index.php\/wp-json\/wp\/v2\/pages"}],"about":[{"href":"https:\/\/mjezak.ksr.zgo.pl\/index.php\/wp-json\/wp\/v2\/types\/page"}],"author":[{"embeddable":true,"href":"https:\/\/mjezak.ksr.zgo.pl\/index.php\/wp-json\/wp\/v2\/users\/1"}],"replies":[{"embeddable":true,"href":"https:\/\/mjezak.ksr.zgo.pl\/index.php\/wp-json\/wp\/v2\/comments?post=166"}],"version-history":[{"count":4,"href":"https:\/\/mjezak.ksr.zgo.pl\/index.php\/wp-json\/wp\/v2\/pages\/166\/revisions"}],"predecessor-version":[{"id":171,"href":"https:\/\/mjezak.ksr.zgo.pl\/index.php\/wp-json\/wp\/v2\/pages\/166\/revisions\/171"}],"wp:attachment":[{"href":"https:\/\/mjezak.ksr.zgo.pl\/index.php\/wp-json\/wp\/v2\/media?parent=166"}],"curies":[{"name":"wp","href":"https:\/\/api.w.org\/{rel}","templated":true}]}}