{"id":102,"date":"2025-03-24T09:44:53","date_gmt":"2025-03-24T09:44:53","guid":{"rendered":"https:\/\/mjezak.ksr.zgo.pl\/?page_id=102"},"modified":"2025-03-24T11:04:03","modified_gmt":"2025-03-24T11:04:03","slug":"wlasciwosc","status":"publish","type":"page","link":"https:\/\/mjezak.ksr.zgo.pl\/index.php\/wlasciwosc\/","title":{"rendered":"W\u0142a\u015bciwo\u015b\u0107"},"content":{"rendered":"\t\t<div data-elementor-type=\"wp-page\" data-elementor-id=\"102\" class=\"elementor elementor-102\">\n\t\t\t\t<div class=\"elementor-element elementor-element-e7097d9 e-flex e-con-boxed e-con e-parent\" data-id=\"e7097d9\" data-element_type=\"container\">\n\t\t\t\t\t<div class=\"e-con-inner\">\n\t\t\t\t<div class=\"elementor-element elementor-element-999bc99 elementor-widget elementor-widget-text-editor\" data-id=\"999bc99\" data-element_type=\"widget\" data-widget_type=\"text-editor.default\">\n\t\t\t\t<div class=\"elementor-widget-container\">\n\t\t\t\t\t\t\t\t\t<p>Szukasz do\u015bwiadczonego i skutecznego <strong>komornika s\u0105dowego w Lubinie<\/strong>? <strong>Komornik S\u0105dowy Magdalena Je\u017cak <\/strong>prowadzi kancelari\u0119 komornicz\u0105 w Lubinie, dzia\u0142aj\u0105c na obszarze rewiru komorniczego przy <strong>S\u0105dzie Rejonowym w Lubinie<\/strong>.<\/p>\t\t\t\t\t\t\t\t<\/div>\n\t\t\t\t<\/div>\n\t\t\t\t\t<\/div>\n\t\t\t\t<\/div>\n\t\t<div class=\"elementor-element elementor-element-24ea59b e-flex e-con-boxed e-con e-parent\" data-id=\"24ea59b\" data-element_type=\"container\">\n\t\t\t\t\t<div class=\"e-con-inner\">\n\t\t\t\t<div class=\"elementor-element elementor-element-bba2f71 elementor-widget elementor-widget-text-editor\" data-id=\"bba2f71\" data-element_type=\"widget\" data-widget_type=\"text-editor.default\">\n\t\t\t\t<div class=\"elementor-widget-container\">\n\t\t\t\t\t\t\t\t\t<p>W\u0142a\u015bciwo\u015b\u0107 miejscowa <strong>Komornik Magdaleny Je\u017cak<\/strong> obejmuje swoim zasi\u0119giem <strong>S\u0105d Rejonowy w Lubinie<\/strong> oraz nast\u0119puj\u0105ce miasta i gminy:<\/p>\n\n \t<li><strong>Lubin<\/strong><\/li>\n \t<li><strong>Polkowice<\/strong><\/li>\n \t<li><strong>Chocian\u00f3w<\/strong><\/li>\n \t<li><strong>Rudna<\/strong><\/li>\n \t<li><strong>\u015acinawa<\/strong><\/li>\n\t\t\t\t\t\t\t\t<\/div>\n\t\t\t\t<\/div>\n\t\t\t\t\t<\/div>\n\t\t\t\t<\/div>\n\t\t<div class=\"elementor-element elementor-element-7436009 e-flex e-con-boxed e-con e-parent\" data-id=\"7436009\" data-element_type=\"container\">\n\t\t\t\t\t<div class=\"e-con-inner\">\n\t\t\t\t<div class=\"elementor-element elementor-element-f51ff95 elementor-widget elementor-widget-text-editor\" data-id=\"f51ff95\" data-element_type=\"widget\" data-widget_type=\"text-editor.default\">\n\t\t\t\t<div class=\"elementor-widget-container\">\n\t\t\t\t\t\t\t\t\t<p data-sourcepos=\"17:1-17:41\"><strong>Wyb\u00f3r Komornika w Okr\u0119gu Wroc\u0142awskim:<\/strong><\/p><p data-sourcepos=\"19:1-19:427\">Zgodnie z przepisami, wierzyciele maj\u0105 mo\u017cliwo\u015b\u0107 wyboru komornika s\u0105dowego dzia\u0142aj\u0105cego w obszarze w\u0142a\u015bciwo\u015bci <strong>S\u0105du Apelacyjnego we Wroc\u0142awiu<\/strong>, gdzie mie\u015bci si\u0119 siedziba naszej kancelarii w Lubinie. Oznacza to, \u017ce je\u015bli Twoja sprawa nie dotyczy nieruchomo\u015bci, mo\u017cesz wybra\u0107 <strong>Komornik Magdalen\u0119 Je\u017cak<\/strong>, nawet je\u015bli Tw\u00f3j adres zamieszkania lub siedziba firmy znajduje si\u0119 w innym rejonie podlegaj\u0105cym pod ten S\u0105d Apelacyjny.<\/p>\t\t\t\t\t\t\t\t<\/div>\n\t\t\t\t<\/div>\n\t\t\t\t\t<\/div>\n\t\t\t\t<\/div>\n\t\t<div class=\"elementor-element elementor-element-3e61f64 e-flex e-con-boxed e-con e-parent\" data-id=\"3e61f64\" data-element_type=\"container\">\n\t\t\t\t\t<div class=\"e-con-inner\">\n\t\t\t\t<div class=\"elementor-element elementor-element-4a62727 elementor-widget elementor-widget-text-editor\" data-id=\"4a62727\" data-element_type=\"widget\" data-widget_type=\"text-editor.default\">\n\t\t\t\t<div class=\"elementor-widget-container\">\n\t\t\t\t\t\t\t\t\t<strong>Wyj\u0105tki od Prawa Wyboru Komornika:<\/strong>\n\nNale\u017cy pami\u0119ta\u0107, \u017ce prawo wyboru komornika jest ograniczone w sprawach dotycz\u0105cych:\n\n \t<li><strong>Egzekucji z nieruchomo\u015bci<\/strong> (np. licytacja komornicza nieruchomo\u015bci)<\/li>\n \t<li><strong>Wydania nieruchomo\u015bci<\/strong><\/li>\n \t<li><strong>Wprowadzenia w posiadanie nieruchomo\u015bci<\/strong><\/li>\n \t<li><strong>Opr\u00f3\u017cnienia pomieszcze\u0144<\/strong>, w tym <strong>lokali mieszkalnych<\/strong>, z os\u00f3b lub rzeczy<\/li>\n \t<li>Spraw, w kt\u00f3rych przepisy o egzekucji z nieruchomo\u015bci maj\u0105 zastosowanie<\/li>\n<br \/>\nW tego typu sprawach egzekucj\u0119 mo\u017ce prowadzi\u0107 wy\u0142\u0105cznie komornik dzia\u0142aj\u0105cy w rewirze komorniczym, w kt\u00f3rym znajduje si\u0119 dana nieruchomo\u015b\u0107. W przypadku nieruchomo\u015bci po\u0142o\u017conych na obszarze w\u0142a\u015bciwo\u015bci <strong>S\u0105du Rejonowego w Lubinie<\/strong>, w\u0142a\u015bciwym do prowadzenia egzekucji jest <strong>Komornik S\u0105dowy Magdalena Je\u017cak<\/strong>.\t\t\t\t\t\t\t\t<\/div>\n\t\t\t\t<\/div>\n\t\t\t\t\t<\/div>\n\t\t\t\t<\/div>\n\t\t<div class=\"elementor-element elementor-element-c99ef2a e-flex e-con-boxed e-con e-parent\" data-id=\"c99ef2a\" data-element_type=\"container\">\n\t\t\t\t\t<div class=\"e-con-inner\">\n\t\t\t\t<div class=\"elementor-element elementor-element-477f8b4 elementor-widget elementor-widget-text-editor\" data-id=\"477f8b4\" data-element_type=\"widget\" data-widget_type=\"text-editor.default\">\n\t\t\t\t<div class=\"elementor-widget-container\">\n\t\t\t\t\t\t\t\t\t<p><strong>Obszar W\u0142a\u015bciwo\u015bci S\u0105du Apelacyjnego we Wroc\u0142awiu (Mo\u017cliwo\u015b\u0107 Wyboru Komornika):<\/strong><\/p>\n<p>Wierzyciel mo\u017ce wybra\u0107 komornika spo\u015br\u00f3d dzia\u0142aj\u0105cych przy nast\u0119puj\u0105cych S\u0105dach Okr\u0119gowych i podleg\u0142ych im S\u0105dach Rejonowych:<\/p>\n\n \t<li><strong>S\u0105d Okr\u0119gowy we Wroc\u0142awiu<\/strong><\/li>\n \t<li><strong>S\u0105d Okr\u0119gowy w Legnicy<\/strong><\/li>\n \t<li><strong>S\u0105d Okr\u0119gowy w \u015awidnicy<\/strong><\/li>\n \t<li><strong>S\u0105d Okr\u0119gowy w Jeleniej G\u00f3rze<\/strong><\/li>\n \t<li><strong>S\u0105d Okr\u0119gowy w Opolu<\/strong><\/li>\n\t\t\t\t\t\t\t\t<\/div>\n\t\t\t\t<\/div>\n\t\t\t\t\t<\/div>\n\t\t\t\t<\/div>\n\t\t<div class=\"elementor-element elementor-element-fe98428 e-flex e-con-boxed e-con e-parent\" data-id=\"fe98428\" data-element_type=\"container\">\n\t\t\t\t\t<div class=\"e-con-inner\">\n\t\t\t\t<div class=\"elementor-element elementor-element-7eb87e4 elementor-widget elementor-widget-text-editor\" data-id=\"7eb87e4\" data-element_type=\"widget\" data-widget_type=\"text-editor.default\">\n\t\t\t\t<div class=\"elementor-widget-container\">\n\t\t\t\t\t\t\t\t\t<p><strong>Kontakt i Obs\u0142uga Interesant\u00f3w:<\/strong><\/p>\n<p\"><strong>Kancelaria Komornicza Magdaleny Je\u017cak<\/strong> mie\u015bci si\u0119 pod adresem: <strong>ul. Odrodzenia 33B, 59-300 Lubin<\/strong>.<\/p>\n<p>Przyjmujemy interesant\u00f3w w ka\u017cd\u0105 <strong>\u015brod\u0119 w godzinach 10:00 &#8211; 15:00<\/strong>.<\/p>\n<p>Zapraszamy do kontaktu w celu uzyskania szczeg\u00f3\u0142owych informacji dotycz\u0105cych post\u0119powania egzekucyjnego.<\/p>\t\t\t\t\t\t\t\t<\/div>\n\t\t\t\t<\/div>\n\t\t\t\t\t<\/div>\n\t\t\t\t<\/div>\n\t\t\t\t<\/div>\n\t\t","protected":false},"excerpt":{"rendered":"<p>Szukasz do\u015bwiadczonego i skutecznego komornika s\u0105dowego w Lubinie? Komornik S\u0105dowy Magdalena Je\u017cak prowadzi kancelari\u0119 komornicz\u0105 w Lubinie, dzia\u0142aj\u0105c na obszarze rewiru komorniczego przy S\u0105dzie Rejonowym w Lubinie. W\u0142a\u015bciwo\u015b\u0107 miejscowa Komornik Magdaleny Je\u017cak obejmuje swoim zasi\u0119giem S\u0105d Rejonowy w Lubinie oraz nast\u0119puj\u0105ce miasta i gminy: Lubin Polkowice Chocian\u00f3w Rudna \u015acinawa Wyb\u00f3r Komornika w Okr\u0119gu Wroc\u0142awskim: Zgodnie z przepisami, wierzyciele maj\u0105 mo\u017cliwo\u015b\u0107 wyboru komornika s\u0105dowego dzia\u0142aj\u0105cego w obszarze w\u0142a\u015bciwo\u015bci S\u0105du Apelacyjnego we Wroc\u0142awiu, gdzie mie\u015bci si\u0119 siedziba naszej kancelarii w Lubinie. Oznacza to, \u017ce je\u015bli Twoja sprawa nie dotyczy nieruchomo\u015bci, mo\u017cesz wybra\u0107 Komornik Magdalen\u0119 Je\u017cak, nawet je\u015bli Tw\u00f3j adres zamieszkania lub siedziba firmy znajduje si\u0119 w innym rejonie podlegaj\u0105cym pod ten S\u0105d Apelacyjny. Wyj\u0105tki od Prawa Wyboru Komornika: Nale\u017cy pami\u0119ta\u0107, \u017ce prawo wyboru komornika jest ograniczone w sprawach dotycz\u0105cych: Egzekucji z nieruchomo\u015bci (np. licytacja komornicza nieruchomo\u015bci) Wydania nieruchomo\u015bci Wprowadzenia w posiadanie nieruchomo\u015bci Opr\u00f3\u017cnienia pomieszcze\u0144, w tym lokali mieszkalnych, z os\u00f3b lub rzeczy Spraw, w kt\u00f3rych przepisy o egzekucji z nieruchomo\u015bci maj\u0105 zastosowanie W tego typu sprawach egzekucj\u0119 mo\u017ce prowadzi\u0107 wy\u0142\u0105cznie komornik dzia\u0142aj\u0105cy w rewirze komorniczym, w kt\u00f3rym znajduje si\u0119 dana nieruchomo\u015b\u0107. W przypadku nieruchomo\u015bci po\u0142o\u017conych na obszarze w\u0142a\u015bciwo\u015bci S\u0105du Rejonowego w Lubinie, w\u0142a\u015bciwym do prowadzenia egzekucji jest Komornik S\u0105dowy Magdalena Je\u017cak. Obszar W\u0142a\u015bciwo\u015bci S\u0105du Apelacyjnego we Wroc\u0142awiu (Mo\u017cliwo\u015b\u0107 Wyboru Komornika): Wierzyciel mo\u017ce wybra\u0107 komornika spo\u015br\u00f3d dzia\u0142aj\u0105cych przy nast\u0119puj\u0105cych S\u0105dach Okr\u0119gowych i podleg\u0142ych im S\u0105dach Rejonowych: S\u0105d Okr\u0119gowy we Wroc\u0142awiu S\u0105d Okr\u0119gowy w Legnicy S\u0105d Okr\u0119gowy w \u015awidnicy S\u0105d Okr\u0119gowy w Jeleniej G\u00f3rze S\u0105d Okr\u0119gowy w Opolu Kontakt i Obs\u0142uga Interesant\u00f3w:<\/p>\n","protected":false},"author":1,"featured_media":0,"parent":0,"menu_order":0,"comment_status":"closed","ping_status":"closed","template":"elementor_header_footer","meta":{"footnotes":""},"class_list":["post-102","page","type-page","status-publish","hentry"],"_links":{"self":[{"href":"https:\/\/mjezak.ksr.zgo.pl\/index.php\/wp-json\/wp\/v2\/pages\/102","targetHints":{"allow":["GET"]}}],"collection":[{"href":"https:\/\/mjezak.ksr.zgo.pl\/index.php\/wp-json\/wp\/v2\/pages"}],"about":[{"href":"https:\/\/mjezak.ksr.zgo.pl\/index.php\/wp-json\/wp\/v2\/types\/page"}],"author":[{"embeddable":true,"href":"https:\/\/mjezak.ksr.zgo.pl\/index.php\/wp-json\/wp\/v2\/users\/1"}],"replies":[{"embeddable":true,"href":"https:\/\/mjezak.ksr.zgo.pl\/index.php\/wp-json\/wp\/v2\/comments?post=102"}],"version-history":[{"count":19,"href":"https:\/\/mjezak.ksr.zgo.pl\/index.php\/wp-json\/wp\/v2\/pages\/102\/revisions"}],"predecessor-version":[{"id":124,"href":"https:\/\/mjezak.ksr.zgo.pl\/index.php\/wp-json\/wp\/v2\/pages\/102\/revisions\/124"}],"wp:attachment":[{"href":"https:\/\/mjezak.ksr.zgo.pl\/index.php\/wp-json\/wp\/v2\/media?parent=102"}],"curies":[{"name":"wp","href":"https:\/\/api.w.org\/{rel}","templated":true}]}}